{"id":951,"date":"2015-11-02T17:50:44","date_gmt":"2015-11-02T20:50:44","guid":{"rendered":"https:\/\/py2gw.qsl.br\/?page_id=951"},"modified":"2025-11-03T22:57:21","modified_gmt":"2025-11-04T01:57:21","slug":"governos","status":"publish","type":"page","link":"https:\/\/py2gw.qsl.br\/?page_id=951","title":{"rendered":"Governos"},"content":{"rendered":"<p><a href=\"https:\/\/sei.anatel.gov.br\/sei\/controlador_externo.php?acao=usuario_externo_logar&amp;id_orgao_acesso_externo=0\" target=\"_blank\">Anatel &#8211; SEI <\/a>&#8211; Acesso aos usu\u00e1rios externos do SEI<\/p>\n<p><a href=\"https:\/\/sistemas.anatel.gov.br\/mosaico\/login\/login?service=http%3A%2F%2Fsistemas.anatel.gov.br%2Fmosaico%2Fportal%2FportalInternet\" target=\"_blank\">Anatel &#8211; Mosaico<\/a> &#8211; Para pedidos de homologa\u00e7\u00e3o de equipamentos<\/p>\n<p><a href=\"https:\/\/drive.google.com\/drive\/u\/0\/folders\/11HGV82Edx1DpCf6La5tzmt8jywTfxZqE?fbclid=IwAR0ohGic3x9IpCNllxQlvubI0cb8rV452RXq_FHeLuuoI7iwJl11Zu4-Thc\" target=\"_blank\">Declara\u00e7\u00e3o, manuais, etc. para homologa\u00e7\u00e3o<\/a> &#8211; cortesia Samuca\/ <strong>PY1SR<\/strong> e outros colegas<\/p>\n<p><a href=\"https:\/\/sistemas.anatel.gov.br\/sis\/LoginInternet.asp?codSistema=389&amp;Pagina=http%3A%2F%2Fsistemas%2Eanatel%2Egov%2Ebr%2FSCRA%2FDefault%2Easp%3F\" target=\"_blank\">Anatel &#8211; SCRA<\/a> &#8211; Sistema de Controle do Servi\u00e7o Radioamador<\/p>\n<p><a href=\"http:\/\/sistemas.anatel.gov.br\/SEC\/\" target=\"_blank\">Anatel &#8211; SEC<\/a> &#8211; Sistema de Emiss\u00e3o de Certificado de Radioperador<\/p>\n<p><a href=\"https:\/\/www.ariss.org\/\" target=\"_blank\">ARISS &#8211; Radioamadores no Espa\u00e7o Sideral<\/a><\/p>\n<p><a href=\"https:\/\/rener-radioamadores.blogspot.com\/?zx=3afcd90465cff7e2\" target=\"_blank\">RENER &#8211; Rede Nacional de Emerg\u00eancia de Radioamadores<\/a><\/p>\n<p>* * * * * * * * * * * * * * * * * * * * * * * * * * * * * * * * * * * * * * * * *<\/p>\n<p><a href=\"https:\/\/sistemas.anatel.gov.br\/easp\/Novo\/ConsultaCertificado\/Tela.asp?SISQSmodulo=19176\" target=\"_blank\">Consulta COER pelo CPF<\/a><\/p>\n<p><a href=\"https:\/\/sistemas.anatel.gov.br\/easp\/Novo\/ConsultaIndicativo\/Tela.asp?SISQSmodulo=11265\" target=\"_blank\">Consulta Esta\u00e7\u00e3o brasileira<\/a><\/p>\n<p><a href=\"https:\/\/sistemas.anatel.gov.br\/easp\/Novo\/Consulta\/Tela.asp?OP=E&amp;SISQSmodulo=16587\" target=\"_blank\">Consulta por localidade brasileira<\/a> (Informe 302 &#8211; Servi\u00e7o Radioamador e o Estado)<\/p>\n","protected":false},"excerpt":{"rendered":"<p>Anatel &#8211; SEI &#8211; Acesso aos usu\u00e1rios externos do SEI Anatel &#8211; Mosaico &#8211; Para pedidos de homologa\u00e7\u00e3o de equipamentos Declara\u00e7\u00e3o, manuais, etc. para homologa\u00e7\u00e3o &#8211; cortesia Samuca\/ PY1SR e outros colegas Anatel &#8211; SCRA &#8211; Sistema de Controle do &hellip; <a href=\"https:\/\/py2gw.qsl.br\/?page_id=951\">Continue lendo <span class=\"meta-nav\">&rarr;<\/span><\/a><\/p>\n","protected":false},"author":8,"featured_media":0,"parent":0,"menu_order":0,"comment_status":"closed","ping_status":"closed","template":"","meta":{"footnotes":""},"class_list":["post-951","page","type-page","status-publish","hentry"],"_links":{"self":[{"href":"https:\/\/py2gw.qsl.br\/index.php?rest_route=\/wp\/v2\/pages\/951","targetHints":{"allow":["GET"]}}],"collection":[{"href":"https:\/\/py2gw.qsl.br\/index.php?rest_route=\/wp\/v2\/pages"}],"about":[{"href":"https:\/\/py2gw.qsl.br\/index.php?rest_route=\/wp\/v2\/types\/page"}],"author":[{"embeddable":true,"href":"https:\/\/py2gw.qsl.br\/index.php?rest_route=\/wp\/v2\/users\/8"}],"replies":[{"embeddable":true,"href":"https:\/\/py2gw.qsl.br\/index.php?rest_route=%2Fwp%2Fv2%2Fcomments&post=951"}],"version-history":[{"count":19,"href":"https:\/\/py2gw.qsl.br\/index.php?rest_route=\/wp\/v2\/pages\/951\/revisions"}],"predecessor-version":[{"id":1143,"href":"https:\/\/py2gw.qsl.br\/index.php?rest_route=\/wp\/v2\/pages\/951\/revisions\/1143"}],"wp:attachment":[{"href":"https:\/\/py2gw.qsl.br\/index.php?rest_route=%2Fwp%2Fv2%2Fmedia&parent=951"}],"curies":[{"name":"wp","href":"https:\/\/api.w.org\/{rel}","templated":true}]}}